, what is -11 + -1013210?
-1013221
In base 4, what is 1301102303 + 3?
1301102312
In base 13, what is -348 - -1a?
-32b
In base 12, what is 84a67 - -4?
84a6b
In base 11, what is -68a + -69?
-748
In base 6, what is -351 + 52300?
51505
In base 8, what is 16231 + -1206?
15023
In base 13, what is -2148 - 9?
-2154
In base 6, what is 3 - 400455?
-400452
In base 11, what is 145a - 3?
1457
In base 5, what is -314031 + -1?
-314032
In base 8, what is 454367 - -3?
454372
In base 2, what is 101 - 100000011111001?
-100000011110100
In base 7, what is 62 - 111500?
-111405
In base 6, what is -3 + 1255241?
1255234
In base 12, what is -22 - -1506?
14a4
In base 5, what is -4443441 + 1?
-4443440
In base 8, what is -5766 + 14?
-5752
In base 8, what is 24633 + 40?
24673
In base 2, what is -1001001111 - -10010101110001?
10001100100010
In base 3, what is -12202000012 - 10?
-12202000022
In base 16, what is -9d - 4d?
-ea
In base 5, what is -141032 + 130?
-140402
In base 14, what is 333 - 573?
-240
In base 11, what is -3 + -100873?
-100876
In base 3, what is -1 - 2000010220210?
-2000010220211
In base 5, what is 23 + 1013?
1041
In base 12, what is -4861 - 9?
-486a
In base 11, what is -233103 - 5?
-233108
In base 11, what is -75a + 17?
-743
In base 5, what is 30 + 2421143?
2421223
In base 4, what is 10013311 + -112?
10013133
In base 3, what is -11 + 2010001211?
2010001200
In base 2, what is 110101101 + 110010011111?
111001001100
In base 12, what is -97852 - -2?
-97850
In base 5, what is 23211 - 1202?
22004
In base 3, what is 21101011 + 1010?
21102021
In base 9, what is 112603 - -2?
112605
In base 12, what is b14 + -553?
581
In base 12, what is -4a43 + -20?
-4a63
In base 4, what is 320220231 + -1?
320220230
In base 4, what is -11 + 13000300?
13000223
In base 12, what is -2309 + -6?
-2313
In base 13, what is 626 + 11?
637
In base 6, what is 0 - -4230?
4230
In base 2, what is 101100101010101 + 11010?
101100101101111
In base 9, what is 67541 - 2?
67538
In base 5, what is 11 - 20104?
-20043
In base 10, what is -19 - -22786?
22767
In base 15, what is c06 - 3?
c03
In base 16, what is -f - 2c?
-3b
In base 15, what is -4 - -8868a?
88686
In base 3, what is 1 - 212?
-211
In base 4, what is 3312 - -23?
10001
In base 4, what is 21213102223 + 2?
21213102231
In base 10, what is 4779 - -7?
4786
In base 13, what is -24ab8 - -1?
-24ab7
In base 6, what is -4 - 3450?
-3454
In base 16, what is 653 + -a?
649
In base 6, what is -240250 - 1?
-240251
In base 14, what is -376 - 0?
-376
In base 12, what is -1 - 21393?
-21394
In base 5, what is 32213022 - 4?
32213013
In base 3, what is -1 + -2100112200202?
-2100112200210
In base 7, what is -2 - -63431?
63426
In base 8, what is -1272310 + -1?
-1272311
In base 3, what is -10 + -10122000?
-10122010
In base 15, what is b364 + -32?
b332
In base 12, what is 97 - 564?
-489
In base 8, what is 26 - -2303?
2331
In base 4, what is -32101311 + -1?
-32101312
In base 3, what is 122 - 12102?
-11210
In base 14, what is -557d - -1b?
-5562
In base 6, what is 3 - -225225?
225232
In base 7, what is 2 - -665645?
665650
In base 6, what is -454 - -305?
-145
In base 8, what is -1067030 + 0?
-1067030
In base 3, what is 12 - -20010111?
20010200
In base 14, what is -319 + -ba5?
-10c0
In base 12, what is 148 + 16b?
2b7
In base 9, what is 102214 + -4?
102210
In base 2, what is 111100011000111110 + 101?
111100011001000011
In base 12, what is -638b + -7?
-6396
In base 9, what is -30235375 - 4?
-30235380
In base 3, what is 20 - -121102?
121122
In base 14, what is 14 + -1347?
-1333
In base 16, what is 32 + 48?
7a
In base 11, what is 0 + 3241?
3241
In base 2, what is -11011110100010 + -100110?
-11011111001000
In base 14, what is 3 - b4d?
-b4a
In base 10, what is 150 - 162?
-12
In base 13, what is 110 - 1691?
-1581
In base 5, what is -22132212 + -4?
-22132221
In base 13, what is -3 + 555a3?
555a0
In base 9, what is -6382 - -4?
-6377
In base 7, what is -54 + 240155?
240101
In base 15, what is 3c9d + -63?
3c3a
In base 11, what is a5915 + -4?
a5911
In base 3, what is 1122001 + 10200?
1202201
In base 9, what is 400 - 15?
374
In base 4, what is -21 + 101020333?
101020312
In base 14, what is 6187c - -2?
61880
In base 16, what is -3 - -b6ccf?
b6ccc
In base 4, what is -22 + 31130?
31102
In base 7, what is -541 + -150021?
-150562
In base 11, what is -4144 - -652?
-35a2
In base 6, what is 3 + -453500?
-453453
In base 7, what is 2 + 2424103?
2424105
In base 4, what is -1003310302 + -21?
-1003310323
In base 9, what is 66763 - 14?
66748
In base 8, what is -203722 + 2?
-203720
In base 8, what is 7 + -1656240?
-1656231
In base 11, what is 23260 - -8?
23268
In base 5, what is -32 - -24004?
23422
In base 8, what is -12017 - -7?
-12010
In base 16, what is -4 + -aa557?
-aa55b
In base 3, what is 120 + -11211121122?
-11211121002
In base 7, what is 62531 - 6?
62522
In base 9, what is 1820178 + 5?
1820184
In base 5, what is -403 + -2323?
-3231
In base 13, what is -26581 + -3?
-26584
In base 8, what is -1547574 - -3?
-1547571
In base 8, what is 7610 + -216?
7372
In base 11, what is 292a05 - 3?
292a02
In base 15, what is -1 - 1142ab?
-1142ac
In base 6, what is -22 + 1100020?
1055554
In base 16, what is 18e9a + 3?
18e9d
In base 7, what is 4 + 204506?
204513
In base 7, what is -22526 + -4?
-22533
In base 15, what is -4c6a20 + 2?
-4c6a1d
In base 12, what is 17026 + 84?
170aa
In base 2, what is 1100 - -100100000101111110?
100100000110001010
In base 12, what is -3 + 205424?
205421
In base 13, what is 0 + -53044?
-53044
In base 10, what is -1 + -1126048?
-1126049
In base 12, what is 7 + -bbb?
-bb4
In base 15, what is -1 - -2010a?
20109
In base 11, what is -207863 + -6?
-207869
In base 11, what is -95 + -1597?
-1681
In base 7, what is -3 - 10020?
-10023
In base 8, what is -535 - 53?
-610
In base 11, what is 7 - -57790?
57797
In base 7, what is -124466 + 5?
-124461
In base 6, what is -5 + -343553?
-344002
In base 4, what is -12110332012 + -1?
-12110332013
In base 8, what is -311 - 1307?
-1620
In base 10, what is 3951 - 2?
3949
In base 6, what is -4 - 102201?
-102205
In base 9, what is -488147 - -2?
-488145
In base 6, what is -100 + 5035?
4535
In base 6, what is 1310412 + 1?
1310413
In base 6, what is -5 + 32551450?
32551441
In base 7, what is 1 + -252052?
-252051
In base 15, what is -1aa10e + -1?
-1aa110
In base 7, what is 1 + -23455225?
-23455224
In base 3, what is 11021 + -111110?
-100012
In base 12, what is -202b3 + -3?
-202b6
In base 9, what is 7813 + 5?
7818
In base 10, what is -89 + -2340?
-2429
In base 8, what is 6074263 - 4?
6074257
In base 9, what is 364872 - 1?
364871
In base 13, what is 4 - -2b63?
2b67
In base 14, what is -2dc55 - 2d?
-2dc84
In base 8, what is 3746272 + -2?
3746270
In base 8, what is 7 - -1153?
1162
In base 11, what is -498 + -1?
-499
In base 6, what is 210553011 - -3?
210553014
In base 5, what is 4 + 3144400?
3144404
In base 16, what is -1b37c + 3?
-1b379
In base 10, what is 12 + 11542?
11554
In base 4, what is 1032 + 330?
2022
In base 16, what is -329e7 + 5?
-329e2
In base 16, what is -2 - 151b?
-151d
In base 5, what is 11142221 - -10?
11142231
In base 6, what is -1332 - 2555?
-4331
In base 7, what is 0 + 1243630?
1243630
In base 9, what is -2 + -12827?
-12830
In base 13, what is -8600 - 8?
-8608
In base 3, what is 220022100 + 2?
220022102
In base 7, what is -314 - -140?
-144
In base 2, what is -11011011000110 - -1110?
-11011010111000
In base 12, what is 16531 + 0?
16531
In base 10, what is 17 + -3475?
-3458
In base 16, what is -15 + 69f?
68a
In base 16, what is 4 + 3ce5?
3ce9
In base 6, what is -4535 - 32442?
-41421
In base 11, what is 6a71 + -45?
6a27
In base 16, what is 4 - faa5c?
-faa58
In base 15, what is -2 + 1355d?
1355b
In base 13, what is -4 + 13012?
1300b
In base 3, what is 1021201 - -1200021?
2221222
In base 13, what is -90 + 797?
707
In base 5, what is 1141 + -102141?
-101000
In base 5, what is 4200 + -2430?
1220
In base 9, what is 4 - 287751?
-287746
In base 7, what is -126531 + 6?
-126522
In base 16, what is 2 + -15dc1d?
-15dc1b
In base 10, what is -3 + -29262?
-29265
In base 3, what is 100001 - 1002201?
-202200
In base 6, what is 202114423 - 5?
202114414
In base 6, what is -5255 - 51513?
-101212
In base 16, what is -2 - 11bcb3?
-11bcb5
In base 13, what is -99454 - 4?
-